3*r + 9. Give h(-67).
143
Let u(y) = 3*y**3 + 7*y**2 + 12*y + 11. What is u(-4)?
-117
Let h(f) = 1299*f + 246499. Determine h(-190).
-311
Let p(f) = -52*f**3 + 7*f**2 - 433*f + 1272. Give p(3).
-1368
Let l(p) = 91*p**3 + 60786*p**2 - 1331*p + 3364. Determine l(-668).
24
Let u(c) = 2682*c + 1381. Give u(-1).
-1301
Let c(y) = -56*y - 1647. Give c(2).
-1759
Let y(l) = -2349*l - 1590. Calculate y(0).
-1590
Let y(w) = 2*w**3 - 1024*w**2 + 1020*w + 2486. Give y(511).
1464
Let g(o) = -5*o**2 + 183*o + 3992. Calculate g(-18).
-922
Let q(r) = 10171*r - 101729. Calculate q(10).
-19
Let k(z) = -729*z - 112251. What is k(-154)?
15
Let y(v) = 41789*v - 1796935. What is y(43)?
-8
Let g(i) = -18*i**3 - 569*i**2 - 4203*i + 397. Give g(-12).
1
Let k(m) = -m**3 + 673*m**2 + 6165*m + 218. Determine k(-9).
-25
Let n(y) = 2*y**2 + 155*y - 465. Calculate n(-84).
627
Let u(x) = -21*x - 3330. Give u(-90).
-1440
Let z(x) = 108*x + 12581. What is z(-118)?
-163
Let i(l) = -8883*l + 532969. Calculate i(60).
-11
Let d(j) = -j**3 - 824*j**2 - 23111*j - 44505. Determine d(-795).
15
Let b(n) = 3*n**2 - 310*n + 6286. What is b(76)?
54
Let b(u) = u**3 - 33*u**2 + 264*u - 91. Give b(20).
-11
Let d(o) = 2*o**2 - 92*o + 989. Calculate d(19).
-37
Let v(w) = -33481*w + 167391. Determine v(5).
-14
Let z(t) = 2194*t + 50423. Calculate z(-23).
-39
Let s(a) = 8852*a + 433874. What is s(-49)?
126
Let j(w) = -9281*w + 556839. Determine j(60).
-21
Let s(v) = -1239*v + 53312. Calculate s(43).
35
Let q(l) = -8*l**2 + 47473*l - 332298. Calculate q(7).
-379
Let r(z) = 8560*z + 3124401. Determine r(-365).
1
Let r(o) = -3517*o - 14303. Determine r(-4).
-235
Let b(m) = 17*m**3 - 16*m**2 - 75*m - 55. Give b(-4).
-1099
Let c(u) = -165*u**3 - 258*u**2 - 105*u - 19. What is c(-1)?
-7
Let a(p) = 11593*p - 521656. Calculate a(45).
29
Let c(b) = -818*b**2 - 366465*b - 454. Give c(-448).
-6
Let z(k) = -k**2 - 1615*k - 109602. Give z(-71).
22
Let g(l) = -10815*l - 64938. Give g(-6).
-48
Let i(l) = -19565*l + 665208. What is i(34)?
-2
Let y(f) = 83*f + 9775. What is y(-122)?
-351
Let b(h) = 1091*h**3 + 4*h**2 + 3*h - 95. Calculate b(0).
-95
Let l(o) = -1721*o - 29427. What is l(-17)?
-170
Let o(x) = 4*x**2 - 1680*x + 15061. Calculate o(9).
265
Let g(h) = h**3 + 42*h**2 + 23*h - 3805. Determine g(-39).
-139
Let s(f) = -f**3 + 14*f - 68. Determine s(0).
-68
Let u(p) = -p**3 + 23*p**2 + 16*p - 1838. What is u(20)?
-318
Let h(x) = -3529*x - 15320. Determine h(-4).
-1204
Let d(f) = 2*f**3 + 59*f**2 + 93*f + 752. Give d(-28).
500
Let z(w) = 2*w**2 + 394*w + 9866. Give z(-29).
122
Let a(d) = -120*d + 3069. Determine a(23).
309
Let n(s) = 61*s - 5842. Give n(107).
685
Let y(f) = 6*f**2 + 657*f + 15079. Calculate y(-76).
-197
Let l(r) = -22*r**2 + 1324*r + 18716. Give l(72).
-4
Let q(x) = 901*x + 63031. What is q(-70)?
-39
Let r(k) = -k**2 + 774*k - 15223. Give r(19).
-878
Let i(c) = c**2 - 175*c + 4881. Calculate i(27).
885
Let a(b) = -16*b**3 + 2*b**2 - 38*b - 95. Determine a(-2).
117
Let q(v) = 435*v - 41971. Determine q(97).
224
Let a(o) = 840766*o + 840787. Give a(-1).
21
Let a(f) = -3*f**2 + 142*f - 772. Calculate a(5).
-137
Let k(h) = -409*h**2 + 11905*h - 1350. Calculate k(29).
-74
Let f(z) = 14223*z - 20509561. Calculate f(1442).
5
Let w(i) = 13*i**2 + 249*i - 1691. What is w(7)?
689
Let k(n) = -1210*n - 639. Give k(-1).
571
Let o(s) = 3*s**2 - 28889*s - 1043897. What is o(-36)?
-5
Let b(f) = 22*f**2 + 23790*f - 166478. Determine b(7).
1130
Let a(c) = 3*c**2 - 311*c + 8044. Calculate a(50).
-6
Let g(u) = 85114*u + 85176. What is g(-1)?
62
Let h(p) = p**2 + 1630*p + 9811. Give h(-6).
67
Let r(u) = 1031*u**2 + 6149*u - 144. Determine r(-6).
78
Let x(p) = -p**3 + 2411*p**2 + 41324*p + 810. Calculate x(-17).
-6
Let r(k) = 12*k**2 - 2915*k + 5386. Determine r(241).
-157
Let w(k) = 5*k**2 - 44*k - 2. Determine w(7).
-65
Let y(s) = -2*s**2 - 526*s + 8516. Determine y(17).
-1004
Let k(h) = -14786*h + 37713. Determine k(3).
-6645
Let n(q) = 2*q**3 + 267*q**2 - 2123*q - 1144. Calculate n(-141).
-16
Let i(s) = 3*s**3 - 64*s**2 - 3*s + 163. Determine i(21).
-341
Let r(k) = 4757*k - 44214. Determine r(9).
-1401
Let q(b) = 1157*b**2 - 227929*b - 61. What is q(197)?
-61
Let i(t) = 4*t**3 - 628*t**2 + 1047*t + 428. Determine i(2).
42
Let w(u) = 17083*u - 105943. What is w(6)?
-3445
Let g(r) = -24*r**2 + 6172*r + 24017. What is g(261)?
5
Let y(s) = 32722*s - 7100664. Determine y(217).
10
Let o(n) = 6*n**2 + 329*n + 2322. What is o(-52)?
1438
Let u(q) = -218*q - 10721. What is u(-49)?
-39
Let n(l) = -589*l**3 + 11766*l**2 + 284*l - 87. Determine n(20).
-7
Let a(z) = -3*z**2 - 267*z - 5615. Determine a(-31).
-221
Let c(a) = -676*a**2 + 189297*a - 4768. Give c(280).
-8
Let k(t) = -t**2 - 1761*t + 143467. Calculate k(78).
25
Let w(p) = -63*p - 5840. Calculate w(-93).
19
Let m(t) = -543891*t - 543872. What is m(-1)?
19
Let m(l) = 3*l**3 + 595*l**2 - 6657*l + 6449. Give m(-209).
-30
Let w(n) = 7154*n + 7346. Determine w(-1).
192
Let y(p) = -2*p**3 - 191*p**2 + 91*p + 275. Determine y(-96).
755
Let q(h) = -2*h**3 - 624*h**2 + 14*h + 4385. Calculate q(-312).
17
Let s(x) = -11*x**2 + 54*x + 549. Calculate s(11).
-188
Let o(b) = 2230*b + 44376. Give o(-20).
-224
Let j(w) = w**3 - 19*w**2 - 4939*w + 89079. Give j(18).
-147
Let q(z) = 14*z**2 + 342*z + 24. Give q(-27).
996
Let f(k) = k**3 + 116*k**2 + 62*k + 19806. Give f(-117).
-1137
Let w(z) = -48*z**2 + 54*z + 111. Determine w(-4).
-873
Let p(v) = 473*v - 46153. Give p(98).
201
Let k(x) = 2*x**3 + 18*x**2 - 18*x - 48. What is k(-14)?
-1756
Let o(m) = 64749*m - 29137043. Determine o(450).
7
Let k(q) = 6*q**3 + 4*q**2 - 291*q - 552. What is k(-2)?
-2
Let i(g) = 13*g**3 + 373*g**2 + 582*g - 325. What is i(-27)?
-1
Let l(w) = -207*w**2 + 23213*w - 23212. What is l(1)?
-206
Let q(a) = 52*a**3 - 745*a**2 - 444*a - 1211. What is q(15)?
4
Let y(f) = -3*f**3 + 18*f**2 + 650*f - 3329. Determine y(5).
-4
Let k(g) = 3648206*g + 40130277. Calculate k(-11).
11
Let w(n) = 47*n**3 - 86*n**2 - 2905*n - 5. What is w(-7)?
-5
Let d(s) = 2*s**3 + 413*s**2 - 3662*s - 1501. Calculate d(-215).
4
Let j(b) = 10*b**2 + 1938*b - 384. Determine j(-192).
-3840
Let z(s) = 151*s - 2192. What is z(12)?
-380
Let y(x) = x**3 + 5*x**2 - 100*x - 542. What is y(-6)?
22
Let j(d) = d**3 - 42*d**2 + 507*d - 3470. Calculate j(29).
300
Let g(v) = 508*v + 120931. Determine g(-238).
27
Let k(d) = -27*d**2 - 114663*d - 458652. Give k(-4).
-432
Let o(l) = -29106*l - 1979216. Calculate o(-68).
-8
Let t(r) = 247*r**2 + 6914*r - 67. Calculate t(-28).
-11
Let c(t) = 295683*t + 2365452. Give c(-8).
-12
Let m(i) = -111063*i + 1554880. Determine m(14).
-2
Let r(q) = -6056341*q - 18169018. Calculate r(-3).
5
Let j(v) = v**3 - 113*v**2 - 2227*v + 1835. Calculate j(130).
-375
Let k(z) = -z**3 + 137*z**2 - 530*z - 256. Give k(133).
10
Let g(x) = -2*x**3 + 33*x**2 + 1185*x + 187. Give g(34).
17
Let o(m) = 24417*m - 2807939. Calculate o(115).
16
Let l(m) = m**3 + 75*m**2 + 118*m + 44. Give l(-1).
0
Let p(n) = 5*n**3 - 74*n**2 - 73*n - 1. What is p(-1)?
-7
Let d(y) = 7*y**2 - 743*y - 4533. Calculate d(-6).
177
Let s(q) = -16521*q + 313857. Give s(19).
-42
Let r(c) = -2*c**2 - 13*c - 130. Determine r(0).
-130
Let m(r) = 4181*r + 1714200. Determine m(-410).
-10
Let d(i) = -i**3 - 37*i**2 - 355*i - 1406. Give d(-25).
-31
Let i(a) = 3*a**3 + 309*a**2 - 50*a - 5119. Give i(-103).
31
Let w(t) = -868*t - 8481. What is w(-10)?
199
Let f(y) = 12*y**2 - 3203*y - 3202. What is f(-1)?
13
Let d(w) = -287*w - 10945. What is d(-38)?
-39
Let u(w) = -w**2 + 6463*w - 45220. Calculate u(7).
-28
Let t(m) = -1391*m - 16568. What is t(-12)?
124
Let g(p) = -110777*p + 7643617. What is g(69)?
4
Let h(p) = 35*p + 871. Give h(-22).
101
Let b(w) = 21*w**2 + 138*w + 76. Calculate b(-6).
4
Let y(j) = -1899*j - 425346. Give y(-224).
30
Let i(n) = -112420*n + 32714210. Determine i(291).
-10
Let t(b) = -b**3 - 77*b**2 - 1501*b - 584. Give t(-33).
1033
Let v(h) = 4*h**3 - 103*h**2 + 2303*h - 60527. Give v(26).
27
Let r(l) = -13*l**3 - 4*l**2 + 28*l - 93. What is r(5)?
-1678
Let d(q) = -13*q**2 + 324*q + 31101. Give d(-38).
17
Let q(x) = -447*x - 4132. What is q(-13)?
1679
Let b(h) = 19843*h - 138895. What is b(7)?
6
Let q(k) = -4*k**3 + 209*k**2 + 75*k - 6258. Determi